r of u and 3.
3
Let q = 156 - 153. Suppose -o - 4*o + 51 = 3*h, 4*o = -q*h + 51. What is the highest common divisor of h and 4?
1
Suppose -142*d - p = -145*d + 36, -2*p - 6 = 0. Calculate the greatest common factor of d and 3179.
11
Let q = 3628 - 2575. Suppose 5*p - d = q, 0 = p + 3*d + d - 198. Calculate the highest common divisor of 150 and p.
30
Let w = 632 - 236. Suppose 24*v - 26*v + 79 = -5*x, -3*x + 67 = 4*v. What is the greatest common factor of w and v?
22
Let n = 88 - 85. Suppose d = 3*x - 1056, -2 = n*d + 7. Calculate the highest common factor of 39 and x.
39
Suppose -3*t = -2*h + 28, 5*h = -10*t + 14*t + 77. What is the highest common factor of h and 1241?
17
Suppose 8*l = 308 + 12. Let m = l + -39. Let w(p) = -p + 2. Let c be w(-3). Calculate the highest common factor of c and m.
1
Suppose 0 = 432*q - 21764 - 8044. Suppose -12 = -3*g - 0, -2*y = -5*g + 20. Let l(x) = -x + 23. Let b be l(y). Calculate the greatest common divisor of q and b.
23
Let i be (-676)/(-14) - (2 + (-36)/21). Suppose c + 1380 = 13*c. Let y = 175 - c. What is the highest common divisor of y and i?
12
Suppose 10*q - 110 = 5*q. Let c(l) = -l**2 + 22*l + 37. Let t be c(20). What is the highest common divisor of t and q?
11
Let n(q) = 80*q - 2. Let a(b) = -3*b. Let t(h) = -42*a(h) - 3*n(h). Let j be t(-2). Calculate the greatest common divisor of 52 and j.
26
Suppose 262 + 101 = 51*a - 402. Calculate the greatest common factor of 3345 and a.
15
Let a = -180 - -183. Suppose -t = -3*r + 8*r - 1100, 0 = -a*r + 3*t + 660. What is the greatest common factor of 264 and r?
44
Let x(h) = h**3 - 2*h - 5. Suppose -7*o = 2 + 12. Let z be 1/((-2)/20*o). Let l be x(z). What is the greatest common factor of l and 10?
10
Suppose 0 = -f - 3, 14*f - 10*f = -2*r - 4. Suppose -476 + 140 = -5*w + r*h, 4*h + 16 = 0. What is the highest common divisor of w and 1?
1
Let s(n) = 25*n**2 + 7*n**3 - 5*n**3 + 4 - 35 + 0*n**3 - 17*n. Let k be s(-13). Calculate the greatest common divisor of 7 and k.
7
Let y be ((-7)/((-14)/2))/((-2)/(-22)). Suppose -916 - 272 = -y*d. What is the greatest common factor of d and 24?
12
Let o(u) = u**3 - 6*u**2 - 222*u - 35. Let l be o(-12). Calculate the highest common factor of 6031 and l.
37
Let y = 25 + 6. Let h be y*((-2 - -4) + 0). Calculate the highest common factor of h and 2.
2
Let b = 53004 - 31819. What is the highest common factor of 95 and b?
95
Suppose -32129 = -12*r - 23*r + 52046. What is the greatest common divisor of 455 and r?
65
Let d = 748 + -748. Suppose 2*j - 5*h - 21 = d, 3*j - 27 = -10*h + 13*h. What is the highest common factor of 164 and j?
4
Let r be 7593/27 + 6/(-27) - -6. Let u = -258 + r. Calculate the greatest common factor of 899 and u.
29
Suppose 89 + 567 = 4*v. Suppose 6*i - 178 = 68. What is the greatest common factor of v and i?
41
Let z(x) = 9*x**2 - 2*x - 1. Let h be z(2). Suppose h*w - 711 - 64 = 0. What is the greatest common factor of 400 and w?
25
Suppose -232807*v - 1694 = -232821*v. Calculate the greatest common divisor of 605 and v.
121
Let t be (-38)/(-4)*4/20*10. Suppose t*h = 36*h - 782. Calculate the highest common factor of h and 115.
23
Suppose -3*n - 3*n = 0. Suppose n = 3*d - 4*d + 3*u - 76, -203 = 3*d - 4*u. Let s = d + 111. What is the highest common divisor of 20 and s?
10
Let f be 5/3*2/10 - 68182/(-1401). Calculate the highest common factor of f and 17297.
49
Let f = 609 + -511. Suppose 6*l = 4*w + l - 40, 4*w - 3*l = 32. Suppose w*c + 3*u = 55, 3*u + 43 = -c + 3*c. Calculate the greatest common divisor of f and c.
14
Suppose 0 = 4*d + 11 - 23. Suppose -m - d*o + 6*o = 0, 2*m = 3*o + 3. Suppose -m*g = -4*g + 16. What is the greatest common divisor of 176 and g?
16
Let y(j) = 62*j**2 + 64*j - 142. Let r be y(2). What is the greatest common divisor of 72 and r?
18
Let f = 494 - 497. Let d(w) = -140*w + 28. Let a be d(f). Calculate the highest common divisor of 28 and a.
28
Let p(u) = -8*u**3 - 32*u**2 - 7*u + 9. Let t be p(-4). Calculate the highest common factor of t and 18500.
37
Let b(l) = 208*l - 216. Let i be b(2). Calculate the highest common divisor of 8 and i.
8
Let a(d) = -d**3 + 11*d**2 + 2*d - 13. Let z be a(11). Let m(x) = 4 - z - 6*x - 1. Let h be m(-5). What is the greatest common divisor of h and 3?
3
Let k(i) = -i**2 - 6*i + 2. Let s be k(-6). Suppose 4*n - 4*u + 264 = 0, -u - s - 1 = 0. Let j = n - -75. What is the highest common divisor of j and 12?
6
Suppose -487 = -z + 323. Let y = z + -686. What is the highest common divisor of 434 and y?
62
Let a be (3 - 8/1)*5. Let n be ((-34)/(-12))/(a/(-150)). Calculate the highest common divisor of n and 408.
17
Let c(q) = -31*q**2 + 162*q + 20. Let k be c(5). Calculate the highest common divisor of k and 8338.
11
Let a(n) = 9*n + 5. Let x be a(-11). Let q = x - -93. Let g be -2 + 419 - (0 - q). Calculate the highest common factor of 52 and g.
52
Let u be (-66)/110*(0 + (-5)/(-10))*-510. What is the highest common divisor of 6681 and u?
51
Let m(h) = -46*h + 16. Let y be m(3). Let s = y - -88. Let r be 374/s*(-38)/(-1 - -3). What is the highest common factor of r and 19?
19
Let y be (-1)/3 + (-13)/(-3). Suppose 2*s - 7*w = -4*w + 494, -5*s + y*w + 1242 = 0. What is the highest common divisor of s and 50?
50
Suppose -409*r - 31437 = -201581. What is the highest common factor of 4472 and r?
104
Let a be 1/2 + (-1141)/14. Let v(j) = 35*j - 93. Let l be v(5). Let b = l + a. Calculate the greatest common divisor of b and 4.
1
Suppose -132431 = -14*q + 13729. What is the highest common divisor of q and 90?
90
Suppose -2*d = 9*n - 258, 33*n + 6 = 30*n. What is the greatest common divisor of 3933 and d?
69
Let u(f) = 55*f**3 - 3*f + 2. Let x be u(1). Let i = x + -38. Let g be 3/(-15) - i/(-5). What is the highest common divisor of g and 12?
3
Suppose 10*w - 42 = 17*w. Let o be (-2)/(26/39 + 5/w). What is the greatest common divisor of o and 16?
4
Suppose 0 = -3*g - 34 + 181. Suppose 19534 = 63*k - 2075. Calculate the highest common divisor of g and k.
49
Suppose 4*a - 1 + 3 = -2*x, -4*a + 4 = -4*x. Let i be 8 + -4 - 12/(x*4). Let t be 1/(-3) + (-8)/(-6). Calculate the greatest common divisor of i and t.
1
Suppose -25153 = -11*k - 22557. What is the highest common divisor of k and 12154?
118
Let b = -168 + 172. Suppose -1 = 2*i - 5, -1744 = -b*j + 2*i. Calculate the highest common divisor of j and 19.
19
Let p(u) = 10*u**2 + u + 10. Let k be p(3). Suppose -101*x + k*x - 112 = 0. Suppose -53*q = -x*q + 360. Calculate the greatest common divisor of q and 15.
15
Suppose -318 = 5*f - 7*f. Let p be 744/7 - ((-5)/7 + 1). Calculate the greatest common factor of p and f.
53
Let d(s) = 231*s**2 - 80*s + 80. Let y be d(1). Calculate the highest common factor of 651 and y.
21
Suppose 43*f - 7392 = 19*f. What is the highest common factor of 704 and f?
44
Let n = 0 + -3. Let b be 7*-39*n/45*5. What is the greatest common factor of 39 and b?
13
Suppose -51*y = 31895 - 72920 - 83874. Calculate the greatest common factor of 79 and y.
79
Let a(i) = i**3 + 8*i**2 - 21*i - 16. Let h be a(15). Let d be 24/40 + h/10. Let g be (-1)/(4 + d/(-121)). What is the greatest common divisor of g and 11?
11
Suppose -5*t - 760 = -0*x - 5*x, 157 = x - 2*t. What is the greatest common divisor of 15 and x?
3
Let c = 134 - 144. Let m be 24/c*((-1844)/8 + -2). Calculate the greatest common factor of 62 and m.
62
Suppose 4*s = 3*y + 729, 2*s = -3*s + 2*y + 906. Let z be 158/4 + (-19)/(-38). What is the greatest common divisor of z and s?
20
Suppose -3*y = -4*y + 72. Let s(n) = 63*n - 480. Suppose -25*v + 8*v = -136. Let h be s(v). What is the greatest common divisor of h and y?
24
Let c be (-9)/((-5)/((-60)/(-18))). Let o be 12/c + 3 + -4 + 29. What is the highest common factor of o and 120?
30
Let h(q) = 3*q**2 + 8. Let s be h(0). Suppose 2*v + 0*v = s. Let j be (-3)/(-1) + v + 17. Calculate the highest common divisor of j and 48.
24
Let d(o) = -o**2 - 7*o - 5. Let m be d(-6). Let j be -11 + (5 - -2) - (1 + -5566). Let u be 4/(-18) + j/603. What is the highest common factor of u and m?
1
Let h(j) = -6*j - 28. Let s be h(-5). Let o be 2 - (s*132)/(-3). Suppose d = 2*x + 29, 5*d - o = d - 5*x. What is the greatest common divisor of 5 and d?
5
Let s = -80 - -80. Suppose s = -8*x + 15*x - 